number?
True
Is 582249 a prime number?
False
Is 1346 a composite number?
True
Is 62459 a composite number?
False
Is 59873 prime?
False
Is 374063 a prime number?
True
Is 30746 composite?
True
Is 273743 a prime number?
False
Is 521319 a prime number?
False
Is 34319 a composite number?
False
Is 149711 prime?
True
Is 4648931 a prime number?
False
Is 1006969 a composite number?
False
Is 19783 a prime number?
False
Is 48385 prime?
False
Is 4739 a composite number?
True
Is 663229 a prime number?
False
Is 57359 composite?
True
Is 631 a prime number?
True
Is 117389 a composite number?
False
Is 6588407 composite?
True
Is 1671815 a composite number?
True
Is 11401 prime?
False
Is 44483 prime?
True
Is 13801 a prime number?
False
Is 899 prime?
False
Is 18479 a prime number?
False
Is 27479 a composite number?
False
Is 429083 prime?
True
Is 11927 a prime number?
True
Is 895 composite?
True
Is 210689 a prime number?
False
Is 25511 prime?
False
Is 315223 prime?
True
Is 354566 a composite number?
True
Is 511853 a composite number?
True
Is 23818 a composite number?
True
Is 263393 composite?
True
Is 6333 prime?
False
Is 4621 a prime number?
True
Is 47661 a composite number?
True
Is 3777 a composite number?
True
Is 10078 a composite number?
True
Is 14051 a prime number?
True
Is 839 a prime number?
True
Is 607813 composite?
False
Is 257399 a composite number?
False
Is 114295 a prime number?
False
Is 85847 a composite number?
False
Is 19639 a composite number?
True
Is 31643 composite?
False
Is 136177 composite?
False
Is 226747 a prime number?
False
Is 647 composite?
False
Is 1891007 a prime number?
True
Is 4987 a prime number?
True
Is 12131 a composite number?
True
Is 984823 a prime number?
False
Is 695567 composite?
False
Is 14318 composite?
True
Is 62105 a composite number?
True
Is 102433 a prime number?
True
Is 7031 a composite number?
True
Is 573101 composite?
False
Is 4127 prime?
True
Is 1667773 a prime number?
True
Is 270871 a prime number?
False
Is 348827 composite?
False
Is 26479 a composite number?
False
Is 15103 a composite number?
True
Is 166373 prime?
False
Is 98443 prime?
True
Is 173123 a prime number?
False
Is 442131 composite?
True
Is 151141 composite?
False
Is 91283 composite?
False
Is 313021 a composite number?
True
Is 1619 a prime number?
True
Is 2848541 prime?
True
Is 35201 prime?
True
Is 9649 composite?
False
Is 1693 a prime number?
True
Is 4507 prime?
True
Is 10369 a prime number?
True
Is 9655 a composite number?
True
Is 19121 composite?
False
Is 529489 a prime number?
True
Is 691561 composite?
True
Is 54251 prime?
True
Is 1991391 a prime number?
False
Is 126523 composite?
True
Is 62438 prime?
False
Is 306419 prime?
True
Is 32663 a prime number?
False
Is 9033 a composite number?
True
Is 15119 prime?
False
Is 2531065 prime?
False
Is 61853 composite?
True
Is 64301 a prime number?
True
Is 21247 composite?
False
Is 197993 prime?
False
Is 62273 a prime number?
True
Is 3288509 composite?
True
Is 399851 a composite number?
False
Is 30109 a prime number?
True
Is 33853 prime?
False
Is 126627 a composite number?
True
Is 159589 a prime number?
True
Is 20329 a prime number?
False
Is 2243 composite?
False
Is 103067 a composite number?
False
Is 2189 a prime number?
False
Is 5323 a composite number?
False
Is 3761 composite?
False
Is 1507 composite?
True
Is 4783 composite?
False
Is 9305 composite?
True
Is 4471 a composite number?
True
Is 24967 a prime number?
True
Is 509797 a composite number?
False
Is 140979 a composite number?
True
Is 113279 a prime number?
True
Is 389 composite?
False
Is 6121 composite?
False
Is 16033 composite?
False
Is 522869 composite?
True
Is 1347 composite?
True
Is 21734 a composite number?
True
Is 1740337 a composite number?
False
Is 12391 prime?
True
Is 14461 prime?
True
Is 843043 prime?
True
Is 2466749 composite?
False
Is 8651 a composite number?
True
Is 353561 a composite number?
True
Is 98989 prime?
False
Is 120811 prime?
True
Is 367033 composite?
False
Is 1151 a prime number?
True
Is 6563 a composite number?
False
Is 442271 a composite number?
False
Is 47597 a composite number?
True
Is 376501 a prime number?
True
Is 43858 a composite number?
True
Is 14695 a composite number?
True
Is 1437869 a composite number?
False
Is 127153 a prime number?
False
Is 162821 a composite number?
False
Is 26659 a prime number?
False
Is 67561 a prime number?
False
Is 203647 composite?
True
Is 29489 a prime number?
False
Is 4163 prime?
False
Is 1668077 a composite number?
True
Is 47597 composite?
True
Is 147233 a composite number?
True
Is 233911 prime?
True
Is 86854 a prime number?
False
Is 834437 a prime number?
False
Is 1623701 a prime number?
True
Is 29819 a prime number?
True
Is 8467 prime?
True
Is 50207 prime?
True
Is 335531 composite?
True
Is 454031 prime?
True
Is 4463 a prime number?
True
Is 5437 a prime number?
True
Is 24217 composite?
True
Is 2355433 a prime number?
True
Is 23143 composite?
False
Is 87974 prime?
False
Is 1126531 a composite number?
True
Is 16201 composite?
True
Is 3343 a prime number?
True
Is 291453 prime?
False
Is 25667 a prime number?
True
Is 961978 a prime number?
False
Is 10042 prime?
False
Is 25663 a prime number?
False
Is 2402 a prime number?
False
Is 863251 a composite number?
False
Is 1051801 a composite number?
True
Is 87199 prime?
False
Is 109807 prime?
True
Is 3163 a composite number?
False
Is 1563893 a composite number?
False
Is 4878211 a prime number?
False
Is 566617 prime?
True
Is 149717 a prime number?
True
Is 149945 a prime number?
False
Is 1315 a composite number?
True
Is 2897 a prime number?
True
Is 88831 a prime number?
False
Is 12473 composite?
False
Is 6999 a composite number?
True
Is 85411 prime?
True
Is 26141 composite?
False
Is 81737 composite?
False
Is 383519 composite?
False
Is 78347 a composite number?
False
Is 321187 a composite number?
False
Is 15013 a prime number?
True
Is 209197 composite?
True
Is 15769 composite?
True
Is 624787 composite?
False
Is 347819 prime?
False
Is 19563 composite?
True
Is 10371 a prime number?
False
Is 3143 a prime number?
False
Is 54947 composite?
True
Is 192571 a composite number?
False
Is 26497 a prime number?
True
Is 14719 prime?
False
Is 7393 a composite number?
False
Is 651597 prime?
False
Is 3299 composite?
False
Is 2685373 a composite number?
False
Is 314809 a prime number?
False
Is 134947 a composite number?
False
Is 7741 a prime number?
True
Is 326887 composite?
True
Is 3433 composite?
False
Is 272417 composite?
False
Is 250163 composite?
True
Is 118739 a composite number?
False
Is 9169 a composite number?
True
Is 1733 a prime number?
True
Is 59063 a composite number?
False
Is 9487 composite?
True
Is 359089 prime?
False
Is 7261 composite?
True
Is 102839 prime?
False
Is 7069 composite?
False
Is 40301 prime?
False
Is 148507 prime?
False
Is 21727 prime?
True
Is 9543 composite?
True
Is 5407 composite?
False
Is 13751 a prime number?
True
Is 65517 prime?
False
Is 121403 a composite number?
False
Is 443 a composite number?
False
Is 9551 a composite number?
False
Is 3576889 prime?
False
Is 269813 prime?
False
Is 28774 a prime number?
False
Is 109913 a composite number?
False
Is 7225709 prime?
True
Is 148139 a composite number?
False
Is 30145 a composite number?
True
Is 961613 prime?
True
Is 188237 a prime number?
False
Is 2633 a composite number?
False
Is 1542431 composite?
True
Is 77807 composite?
True
Is 110419 a composite number?
False
Is 48437 prime?
True
Is 18251 prime?
True
Is 72973 a prime number?
True
Is 562577 composite?
False
Is 129341 composite?
False
Is 19797 composite?
True
Is 5779 prime?
True
Is 668147 a prime number?
False
Is 12539 prime?
True
Is 2931 prime?
False
Is 283721 a composite number?
False
Is 50147 prime?
True
Is 38297 a prime number?
False
Is 61823 a composite number?
True
Is 78059 a composite number?
False
Is 2333 a prime number?
True
Is 1661 prime?
False
Is 3265 prime?
False
Is 16439 prime?
False
Is 5981 prime?
True
Is 479861 a composite number?
False
Is 20953 prime?
False
Is 2051 a prime number?
False
Is 93847 a prime number?
False
Is 9739 composite?
False
Is 63449 composite?
True
Is 1949 prime?
True
Is 1361 prime?
True
Is 89867 composite?
False
Is 9329 a prime number?
False
Is 15901 a composite number?
False
Is 5091 composite?
True
Is 40